5
What is -13 + -29 + (9 - (20 - 24))?
-29
2 + 5 - (-47 - (-25 + -45))
-16
-5 - (26 + -31 - (-24 + 13 + -5))
-16
What is the value of 0 + 2 - (-1097 + 1012)?
87
-26 + -5 - ((2 - -2) + (-8 - -4) + 6)
-37
Evaluate (77 - 34 - 68 - -50) + 32.
57
Calculate (0 - 5 - -3) + 1 + (-170 - -210).
39
What is -78 - -92 - (-9 + 61 + -3 - 6)?
-29
What is the value of (8 - (-19 + (19 - 7))) + -3 + 0 + -107?
-95
What is -10 + (-8 - (-27 - (9 - (-8 + 15)))) + 9?
20
Evaluate 40 + -12 - (71 - 8).
-35
-125 - (-9 - (5 - (14 - 24)))
-101
What is the value of (5 - 2 - -42) + -60?
-15
Evaluate -58 + (99 - 41) - (-46 - 1).
47
What is -21 - (-23 - 35 - -1)?
36
2653 - 2645 - (-1 + -1 + 0 + 1)
9
Evaluate 96 - 112 - (13 - 1) - (-2 + 1).
-27
What is -17 - (12 + -33) - (-11 + (-5 - -12))?
8
-40 + (50 - 1 - 33) - 55
-79
Evaluate 19 - (1 + -3) - (-1625 + 1634).
12
What is (44 - 3) + -160 + 110 - (-44 - 0)?
35
Evaluate -31 - -21 - (-4 - (58 + 4 + -7)).
49
What is (-320 - -289) + (11 - 4)?
-24
What is the value of 17 + -44 + (-11 - -27) - 46?
-57
What is the value of 1 + 71 - (2924 - 2874)?
22
(17 + (3 - 9) - (9 + -17 - 24)) + 8
51
What is the value of 10 + 65 + -65 + 8?
18
-2824 + 2832 - ((0 - (1 - 1)) + -22)
30
What is (-2 - (27 - 26)) + 88 + -13?
72
What is 15 + -29 + 15 - 82 - (-1 - 2) - -10?
-68
What is 0 - 23 - (-25 + 13 + -63)?
52
Calculate -3 + -20 + 2 + -3043 + 3083.
19
What is the value of 11 + -7 + (6 - -2) + (-5 - (-6 - -66))?
-53
Calculate -39 - (-141 + 75) - (8 + 0).
19
Evaluate 194 - 179 - (5 - 4 - (16 - 0)).
30
Evaluate -86 + 78 + -50 + 18.
-40
-6 + (34 - (-44 - (-22 + -142)))
-92
(3 - -8) + -13 + 11 + -7 + -4 - -7
5
What is -234 - (-85 + (-20 - -5))?
-134
Evaluate (-58 - -69) + 9 + -3 + -58 + (-6 - -2).
-45
Evaluate 79 + (45 + -32 + (3 - 11) - -20).
104
-9 - (-1 - (43 + -2) - (160 - 147))
46
What is 25 + -14 + -16 + 137 + -40?
92
What is -21 - (-1 + (16 - 15) - 13)?
-8
What is 1032 + -1072 + (51 - -1)?
12
Calculate 7 + -17 - -5 - (-19 - -37).
-23
15 + -3 + -13 + (-4 - 3 - -10)
2
(40 - -11 - 64) + 36
23
Calculate (-265 - -188) + -6 + 19 + (7 - 9).
-66
46 + -105 + -3 + -1 + 10
-53
What is (-246 - -248 - (-1 + -11)) + 30?
44
What is 63 + (26 - 94 - -12)?
7
Evaluate -18 + (62 - (-30 + 9)).
65
What is -29 + (16 + -12 - (11 + -19 + 11))?
-28
What is -55 + (-67 - -70) + -9 + (-1 - 1)?
-63
What is the value of -166 + 175 + (100 + 3 + 3 - 5)?
110
What is (-35 - 2) + 3753 + -3641?
75
What is (8 - 0) + (-28 + 20 - (-23 + (-7 - -24)))?
6
(-8 - -34) + (13 + -23 - (-6 + -12))
34
56 + (-54 - -42) - -37
81
Evaluate 9 + -25 + -2 + (3 - 15) - 15.
-45
Evaluate -3 - (-2888 + 2882 + (26 - -1 - 0)).
-24
What is the value of -2 + -1 + 2 + (40 - (61 + 41))?
-63
-37 + (-42 - -111 - 34)
-2
(-36 - (-130 - -16)) + 3 + 1 + -17
65
What is the value of -35 - (-233 + 238 + 2 + (2 - -6))?
-50
Evaluate (-528 - -528) + (0 - 17) + (-28 - 13).
-58
What is the value of -11 - -38 - (13 - 2 - (-93 - -110))?
33
Evaluate 3 - 14 - -4 - (0 - (5 + -45) - -12).
-59
Calculate 11 + 9 + 5 + (-30 - -31).
26
What is the value of 399 + -393 - (68 + -2)?
-60
Evaluate -2 + (143 - 5) + (-25 - (-8 + -4 + -4)).
127
Evaluate -389 + 396 - (89 - -1 - (15 - (15 - 5))).
-78
Calculate 61 + (3 - ((-20 - -19) + (-12 - -8))).
69
Calculate 15 + -153 + -22 + (84 - 23).
-99
Calculate 0 - (3 + 2) - (24 - 41) - -62.
74
Calculate 444 + -483 + 14 + 1.
-24
Calculate 209 - 100 - (-1 + 30 + 1).
79
What is (138 - 127) + 25 + -13?
23
What is the value of 20 - (1 - (11 - 21)) - (8 + -34 - 3)?
38
Calculate -4 + 43 - (44 + -12 + -18).
25
What is the value of (91 - (8 - 4)) + -1181 + 1172?
78
Calculate -6 - (-11 + -4 + 11) - ((4 - 2) + 1).
-5
What is the value of -55 + -34 - ((-11 - -26) + 4)?
-108
What is the value of -5 + (36 - (76 - 37)) + (-2 - -2 - 5)?
-13
Calculate 12 + (-12 - (-31 - -6)).
25
-15 + 20 + 52 + -93
-36
Evaluate -2 + 17 - (-4 - (-64 - -33)).
-12
Evaluate 5 + -40 + (26 - 20) + 19.
-10
What is -192 + (-20 - 130 - -288)?
-54
Evaluate (27 - 2) + (-10 - -27) + 2.
44
Calculate (-6 - 5) + 36 + (-79 - -14).
-40
Evaluate (14 - (30 - 26)) + (0 - 1 - (-5 + -23)).
37
Evaluate (153 - 152) + -1 + -3 - (-46 + 21).
22
Calculate -13 - ((6 - (-9 - (-24 - (-9 - -11)))) + 79).
-81
Calculate 26 - (-7 + 44) - 10.
-21
49 - (-21 + 21 - (6 + -5) - (-9 + -3))
38
What is the value of -9 + (33 + -3 + 18 - 1)?
38
What is (13 - -21) + (-11 - -1) + 1 + -2?
23
Evaluate 3 + (3 - 5 - 10 - -27).
18
What is -283 + 265 + (7 - (-3 - 6) - 7)?
-9
What is (2 - (2 - 8 - 0)) + (-47 + -58 - -24)?
-73
Calculate (-4 - 14 - -6) + (23 + -45 - -13).
-21
What is the value of 100 + -42 + -49 - 0?
9
28 - (-2 + (-8 - -26) - 28)
40
Calculate (-10 + 9 - 6) + 8 + (-13 - -14).
2
Evaluate -10 + 1 - (36 - (89 - 14)).
30
What is 9 + (7 - (-13 + 29) - -20)?
20
Calculate (-3 - 1) + -1 + 9 - (-23 - (-7 + -7)).
13
What is the value of 3 + 4 + -2 - (48 + 37 + (9 - -2))?
-91
What is 3 + -53 + 294 - 119?
125
Calculate 25 - (9 + -11) - (10 - 10).
27
Calculate -8 - -25 - 32 - (1 - (132 + 0 - -1)).
117
Evaluate -8 - -70 - 141 - -78.
-1
Evaluate (-122 - (-25 + 147)) + 152.
-92
9 + (-3 - 2) + (-15 - (28 - 37))
-2
What is the value of -15 + (-32 - -36 - 4) + 0?
-15
What is the value of -29 + 8 + 34 + (-49 + -2 - 5) - 3?
-46
Calculate 192 + (-49 - 12) - 58.
73
What is (-4 - (-13 + -32)) + (-3 - 2) + (1 - -5)?
42
-105 + (123 - -8) + -24 + -1
1
Evaluate -88 - -48 - -4 - -6.
-30
Calculate (-29 - -41) + (22 - 20).
14
-29 - -1 - (-91 + 100)
-37
10 + (-7 - -8) - (12 - 39 - -126)
-88
Calculate -35 - (-13 + -14 + 41 + -11).
-38
Calculate -8 + (78 - 25) + -32.
13
Calculate 0 + -15 - ((43 - 134) + 102).
-26
What is the value of -29 - (54 + (57 - 166))?
26
Evaluate 34 - 91 - ((0 - -3) + 7 - 18 - -7).
-56
Evaluate -237 - -199 - (7 + -21).
-24
What is (-56 + -80 - -139) + (0 - (2 - 20)) + -1?
20
What is the value of 6 + 18 + (65 + -80 - -49)?
58
What is 463 - 421 - ((0 - 2) + 44)?
0
Calculate 1 + 22 + -1 + 11 + -24 + -10.
-1
What is -18 + (-10 + 24 - 17 - -8) + 19?
6
-2330 + 2302 - (-5 - (1 + -2 + 0 + 2))
-22
Calculate 9 - (-92 - -58) - 86.
-43
Calculate -4 + (-11 - (10 - (14 - 5))) - -26.
10
Evaluate (10 - (-84 + 44 + 51)) + (5 - -1).
5
What is the value of (-49 + 15 + 2 - -13) + -7 + -1?
-27
What is (-5 - 51) + (16 + -2 - 17) - -11?
-48
Calculate (-8 - -3) + (95 - (-14 + 6)) + 0 + 8.
106
What is 125 - (57 - (-130 - -113))?
51
Calculate -18 + (-9 - -60) + 22 + -22.
33
What is -34 + 75 + -21 + -3?
17
Calculate (-55 - -3) + (-618 - -524).
-146
(-12 - (-12 - (12 - 8 - 10))) + 6 + 0
0
What is the value of (117 - 108) + (5 - -57 - -1 - (3 + 3))?
66
(4 - 2 - (-13 - (10 - (15 - -13)))) + -33
-36
What is the value of -64 + -13 + 6 + (1084 - 1079)?
-66
What is the value of -36 - (0 - 7 - (196 + -180))?
-13
Calculate 31 + 4 + -32 - 14 - -87.
76
Evaluate 1069 + -1054 + -2 + 30.
43
Evaluate 10558 + -10544 + (1 - (0 + 1 - 1)).
15
What is 24 + (24 + (-90 - -25) - 11)?
-28
What is the value of 69 - (8 + (24 - 25) + -12)?
74
6 - -19 - (-38 + 13) - 14
36
351 + -328 - (1 + 4) - 19
-1
What is the value of (2 - 0) + (52 - 0) + 199 + 57 + -249?
61
What is 141 + -37 + (3 - 40)?
67
Evaluate (-7 - -48) + -26 - (0 + -16).
31
What is 56 - (31 - -101 - 70)?
-6
(-22 - -27) + (-26 - -20) - (-1 + 7) - 27
-34
What is -53 + 57 - (-5 + (-6 - -21) - 1)?
-5
What is the value of -9 - (-22 - (28 - 14 - 63))?
-36
Calculate (1 - -60) + -133 - -6.
-66
Calculate -2 - (-3 - -4) - (2 + (24 - -3 - 5)).
-27
Calculate (-2 - -3) + 20 + (-16 - (-11 - (8 + -10))).
14
Calculate 0 - 8 - (-70 + 135 - 77).
4
-74 - (36 - (-7 + 27) - 40)
-50
What is the value of 24 - 23 - (58 - (6 + 3))?
-48
Calculate 12 + (0 - 2) + (30 + -71 - -30).
-1
Calculate (55 - 4) + (-31 - -43).
63
Evaluate 35 + (-41 - (-55 - -20) - (-1 + 9)).
21
What is the value of -8 + -13 + 7 + (-2 - 0) + -14?
-30
Evaluate -16 + (47 - 49) + 12.
-6
What is (6 - -17) + (94 - 110)?
7
What is (11 - 1 - (2 - 2)) + (-28 - (-166 + 131))?
17
Evaluate (13 - 4 - 7) + -4 + (-5 - 37) + 0.
-44
Calculate -19 + 3 + 40 - (-21 + 2 + 4).
39
Evaluate (6 - -39) + -628 + 498.
-85
Evaluate -13 - (-8 + -30 + 9 + 10).
6
What is -40 - (1008 - 1021 - (-5 - 1))?
-33
What is (175 - 200) + (-6 - -44)?
13
What is (-10 + -1 + 5 - 3) + (52 - -4)?
47
Calculate 62 + (4 - (2 + (-7 - -20))) + 3 + -3.
51
1 - 7 - (113 - (126 - 26))
-